f) be the third derivative of f**6/144 + f**5/12 - 7*f**4/12 + 8*f**2. Let p(u) be the second derivative of o(u). What is the units digit of p(5)?
5
Let x = 24531 + -14626. What is the tens digit of x?
0
Suppose 2*d = -5*k - 1, -d + 37 = -3*k - 2*k. Suppose d*p + 23*p = 16625. What is the tens digit of p?
7
Let w(o) = -o**3 + 8*o**2 - 110*o + 743. What is the units digit of w(7)?
2
Let i = 92 + -74. Let l be (-132)/i - ((-2)/(-3) - 1). What is the hundreds digit of (-885)/l - ((-12)/21 - 0)?
1
Let u = -114 - -119. Let f be (-10)/(u*(-1)/2). Suppose 2*n - 8 = 0, f*n = -0*t - 4*t + 1028. What is the tens digit of t?
5
Suppose 15*k + h + 19457 = 19*k, 3*h + 4867 = k. Suppose 0 = -3*y + 6*p - 7*p + 3667, 4*y = 5*p + k. What is the units digit of y?
1
Let c(y) be the first derivative of 3*y**2 - 20*y + 24. Let x be c(3). What is the tens digit of 1216/7 + 9*x/(-63)?
7
Let k(f) = 15*f + 47. Let z be k(-3). What is the units digit of ((-25)/((-1250)/(-560)))/(z/(-50))?
0
What is the hundreds digit of ((-725)/20 - -5)*-20?
6
Let g = 23 - 11. Suppose -3*v + 2*z + 68 = g, -4*v = -2*z - 74. Suppose 1542 = -v*n + 5034. What is the hundreds digit of n?
1
Let p(b) = -2*b**3 - 96*b**2 - 376*b + 48. What is the hundreds digit of p(-48)?
0
Let c = 132023 - 75159. What is the thousands digit of c?
6
Suppose 0 + 25 = -5*f. Let a(d) = -4*d**3 + 9*d**2 + 19*d + 15. What is the hundreds digit of a(f)?
6
Suppose -5*c = -2*c - b - 3441, -4*b = 0. Suppose 0*w + g = -3*w + c, -3*w + 1148 = 2*g. What is the hundreds digit of w?
3
Let u(r) = -r**2 + 21*r - 23. Let k be u(15). Let c(d) = -3*d + 6 + 10*d - 42 + k. What is the units digit of c(10)?
1
Suppose -402*x = -425*x + 204516. What is the thousands digit of x?
8
Let v(o) = 591*o**2 + 132*o - 545. What is the thousands digit of v(4)?
9
Let z(h) = 460*h**2 + 50*h + 722. What is the units digit of z(-9)?
2
Let q(f) = 4 - 341*f - 337*f + 678*f + 3*f**2. What is the tens digit of q(4)?
5
Let p(g) = g**2 - 9*g + 16. Let r be p(8). Suppose 1 - 9 = -r*h. What is the units digit of (2 - h)*8/(64/856)?
7
Let p(n) = 2*n**2 - 14*n + 14. Let j be p(6). Suppose 0 = -m - r - 6, 6 = j*m - 0*r - 4*r. Let k(f) = -19*f - 1. What is the tens digit of k(m)?
5
Suppose -5*j = -27 + 117. Let w be (-6)/(-9)*j/(-4). Suppose -w*d = a - 37 - 271, -3*a + 203 = 2*d. What is the hundreds digit of d?
1
Let m be -132*2/(-30) + (-1)/(-5). Let f(w) = 18*w**2 - 26*w - 4. What is the thousands digit of f(m)?
1
Suppose -5*p + 131 = -y, 4*y - 2*p + p + 581 = 0. Let w = 235 + y. Let h = w - 36. What is the tens digit of h?
5
Suppose -405 = 4*h - 4833. Suppose -4*d + h = -9*d + c, 3*d + 5*c = -653. Let b = 492 + d. What is the tens digit of b?
7
Suppose 3*u - 86 = -4*b - 23, 3*b = u - 8. Let p(x) = x**3 - 12*x**2 - 16*x - 76. What is the units digit of p(u)?
7
Suppose -3*h = 2*f - 4815, -32*h + 34*h = -3*f + 7210. What is the hundreds digit of f?
4
Let j = -37 - -29. Let v(g) = g**2 + 12*g + 28. Let a be v(j). Let i(l) = -24*l + 10. What is the tens digit of i(a)?
0
Suppose -2*c + 220 = 2*u, u + 4*u - 3*c = 590. Suppose -u - 481 = -2*o. What is the hundreds digit of o?
2
Let s be (9 + -10)*(-1 - -75). Let f = s + 64. Let y(k) = -k**3 - 11*k**2 - 10*k + 12. What is the units digit of y(f)?
2
Suppose 2*h = 2*n - n + 1, 5*n - 13 = h. Suppose 2*c = -h*c. What is the tens digit of c - (-77 - (6 - 4))?
7
Suppose -2*l + 7*l + 6*a - 396 = 0, 0 = 5*l + 4*a - 384. Suppose 3*w - 534 = w. Let g = w - l. What is the hundreds digit of g?
1
Let y(l) = l**3 - 30*l + 0*l**3 + 19*l**2 + 12*l + 5*l + 14 + 9*l. Let x = -11 - 8. What is the tens digit of y(x)?
9
Suppose 4*u + 6288 + 160 = 0. Let p = u - -2401. What is the units digit of p?
9
Suppose o = 3*o + s - 13, -20 = -o - 5*s. Suppose 4*v - 4473 = -o*v. What is the tens digit of v?
9
Suppose 16*m - 6*m - 120 = 0. Let u = m - 29. Let p = u - -146. What is the units digit of p?
9
Suppose -i = -4, 1493 = 3*j + i - 3182. Suppose 12*c = 15*c - j. What is the tens digit of c?
1
Suppose 4*q + 62 = 26. What is the units digit of 106*3/q*-12?
4
What is the tens digit of (((-6)/4)/3*1)/(2525/(-69482950))?
5
Let x(h) = 3*h**2. Let q(o) = 14*o**2 + 17*o - 60. Let v(w) = -q(w) + 6*x(w). What is the tens digit of v(11)?
5
Let o = 29236 + -25029. What is the units digit of o?
7
Let j(c) = c. Let n(i) = -38*i - 4. Let t(o) = 6*j(o) + n(o). What is the units digit of t(-11)?
8
Let i = 423 + 7386. What is the units digit of i?
9
Suppose -3*f = -4*t + 6, -t - 4*f + 9 = -2. Suppose 4*b - 1479 = -8*r + t*r, -3*r = -5*b + 1821. What is the hundreds digit of b?
3
Suppose 4*p - 196 = 2*k, 4*p - k + 17 = 211. Let j = p - 44. Suppose 2*i + 3*d - 144 = -0*i, -5*d + 284 = j*i. What is the units digit of i?
6
Suppose -3*q + 4312 = -3581. Suppose -3*r = -6*r + q. What is the tens digit of r?
7
Let h(k) be the second derivative of 3*k**5/10 + k**4/6 - k**3/2 + 8*k**2 - 71*k - 1. What is the hundreds digit of h(5)?
8
Let z = -72 + 68. Let a(x) = 85*x**2 - 16*x - 58. What is the hundreds digit of a(z)?
3
Let u(y) = 12*y + 8. Let b(f) = -f. Let r(x) = -5*b(x) + u(x). Let c be r(16). Suppose 2*a - 196 - 108 = 4*n, 2*a - c = -4*n. What is the hundreds digit of a?
1
Let g(o) = 42*o + 65. Suppose 3*n + 2*q - 19 = 3*q, -2*n - 2*q + 2 = 0. What is the units digit of g(n)?
5
Suppose 62116 = x - 4*l, 4*l - 7*l + 248312 = 4*x. What is the hundreds digit of x?
0
Let d(c) = c**3 - 32*c**2 - 497*c + 18. What is the units digit of d(45)?
8
Let f = -879 + 7671. What is the hundreds digit of f?
7
Let o = 370 - 370. Let z(l) = -l + 621. What is the hundreds digit of z(o)?
6
Let q = 178 + -170. Suppose -125 + 3181 = q*k. What is the tens digit of k?
8
Suppose -2*w = 4, -5 = -2*z - w + 3. Suppose -4*m - z = -2*a + 7, 4*a + 3*m = 2. Suppose -3*h - 7 = -a*d + 60, 0 = 2*h + 6. What is the units digit of d?
9
Let u = 131 - 151. What is the units digit of u/2*(66/(-5) - -3)?
2
Suppose 5*r = -4*d + 98, 2*d + 2*d = 4*r + 116. Suppose -26*t - 894 = -d*t. What is the tens digit of t?
9
Let w(m) = -171*m + 7. Let k be w(8). Let s = -881 - k. What is the hundreds digit of s?
4
Suppose -19*x - 2*h = -24*x + 32443, -32449 = -5*x - 4*h. What is the units digit of x?
9
Let j = 7776 - 4861. Suppose 6*p - 649 = j. What is the tens digit of p?
9
Suppose -21*w + 17*w = -48. Suppose -3 = -x + 5*u, -5*x + u + w = -x. Suppose 7*o - 508 = x*o. What is the hundreds digit of o?
1
Let a(x) = 111*x**2 - 20*x - 92. What is the thousands digit of a(-4)?
1
Suppose 0 = 5*v + 5*k - 56170, -v + 7037 + 4205 = -k. What is the ten thousands digit of v?
1
Let y(n) be the first derivative of -7*n**5/120 + n**4/12 - 14*n**3/3 - 15. Let k(z) be the third derivative of y(z). What is the units digit of k(-3)?
3
Let j = 414 + -322. Suppose 0 = -4*r + d + 255, 3*d = 3*r - 88 - j. What is the tens digit of r?
6
Let p = -181 - -111. Let q = -66 - p. Suppose -201 = -3*h + 4*t, -q*h + t + 129 = -2*h. What is the tens digit of h?
6
Suppose -4*w = a + 90, w = -a + 4*w - 76. Let b = 80 + a. What is the tens digit of b + (-5)/(10/(-342))?
6
Let m(y) = -y**2 - 9*y - 16. Let z be m(-2). What is the tens digit of (-32)/3*(z + 707/(-14))?
6
Let c(t) = -3*t - 14. Let h be c(-7). What is the hundreds digit of ((-1 - 5) + h)*101?
1
What is the thousands digit of (10 - 9)*6498 + -10?
6
Let a(u) = 2*u + 36. Let h be a(-19). What is the units digit of (3/(-1) + h)*(-586)/10?
3
Suppose 2*a - a - 12 = 4*o, -4*a - 2*o - 24 = 0. Let y be (21 - 7) + a/(-1). Suppose 360 = -14*g + y*g. What is the units digit of g?
0
Let j(d) = 5*d + 3. Suppose -12*b - 9 = -21. Let o be 0 + -4 - (b + -14). What is the tens digit of j(o)?
4
Suppose -22*i = -19*i - 1032. Suppose w - 40 = i. What is the tens digit of w?
8
Let u(n) be the second derivative of n**5/10 - 11*n**4/12 - 7*n**3/6 + 3*n**2/2 + 4*n. Suppose -13*m + 133 - 42 = 0. What is the units digit of u(m)?
1
Let p be -8 - (-7 + 10)*(3 + -4). Let c(k) = -56*k - 139. What is the tens digit of c(p)?
4
Let w be -15*(-2)/6 + 1247. Suppose -42*y + 44*y = -4*k + w, 4*k - 1272 = 3*y. What is the units digit of k?
5
Let z(y) = y + 8. Let a be z(-5). Suppose a*w = -4*r + 518, -2*w - 121 = -r - 7*w. What is the units digit of r?
1
Suppose -i + 1311 = 5*c - 4*i, 253 = c + 4*i. What is the tens digit of c